 - ((-6 - -6) + -2) is divided by 10?
3
Suppose -1545*l + 1543*l + 38 = 0. Calculate the remainder when 208 is divided by l.
18
Let u = 964 + -958. What is the remainder when 977 is divided by u?
5
Suppose 2*p = p - 8. Let b = p - -122. Let t(k) = -k**3 - 4*k**2 - 2*k - 6. Calculate the remainder when b is divided by t(-5).
27
Let h = -6 - -86. Let y = -156 - -165. What is the remainder when h is divided by y?
8
Suppose 6*d + 60 = 9*d. What is the remainder when 2*(107/2 - 4) is divided by d?
19
Let y be 4 + -5 + 5 + (-1 - 3). Suppose y = -6*q - 2*q + 104. What is the remainder when q is divided by 7?
6
Suppose -4*n + 124 = -4*s, 3*n - 9*s + 12*s - 111 = 0. Let a = -46 + 58. What is the remainder when n is divided by a?
10
Let p(d) = -63*d + 483. What is the remainder when 47 is divided by p(7)?
5
Suppose 0 = 49*x - 51*x + 6. Calculate the remainder when 81 is divided by 0/x + -1 + 29.
25
Suppose -8 = 2*r - 28. Let n be (-2)/(-9) + 86/18. Suppose 230 = -n*t + r*t. Calculate the remainder when t is divided by 24.
22
Suppose 0 = -3*w - 14 + 2. Let p be (-150)/w*2/3. What is the remainder when 4 is divided by (-10)/p*(-4 + -1)?
0
Let f = 73 - 13. Let i = 29 + -21. Calculate the remainder when (-70)/(-4)*f/35 is divided by i.
6
Let m(x) = 314*x - 823. Calculate the remainder when m(3) is divided by 35.
14
Suppose 27 = -4*b - 4*q + 5*q, 5*q - 15 = 0. Let p(v) = -6*v - 26. Suppose -4*a - 20 = -124. What is the remainder when a is divided by p(b)?
6
Let q(m) = m**3 + 32*m**2 - 37*m - 113. What is the remainder when ((-5)/10)/((-1)/62) is divided by q(-33)?
12
Suppose 2*d - 139 = 3*d. Let k = d - -206. Calculate the remainder when k is divided by 19.
10
Let k(y) be the third derivative of y**5/20 - 2*y**3/3 - 3*y**2. Suppose -3*r = -7*r - 12, 4*t = -4*r - 24. Calculate the remainder when k(t) is divided by 12.
11
Suppose 6*l - 12 = -4*s + 5*l, -5*l + 6 = 2*s. Let f be 16 - 4*(-1)/(-2). Let r = f + -7. What is the remainder when r is divided by s?
1
Suppose 5*g = 6*g. Suppose 6*u + 155 - 917 = g. What is the remainder when u is divided by 26?
23
Let l be (-40)/(-24) - (-4)/3. Suppose 5*y + 12 = -l, 0 = -g + 4*y + 33. Calculate the remainder when 38 is divided by g.
17
Let h(n) = -n**2 - 10*n - 3. Let s be 0/(-1) - (-6 + 6). Calculate the remainder when (4 - (4 + -1))*(23 - s) is divided by h(-8).
10
Let b(g) = -7*g + 1. Let n be b(-3). Suppose 5*t = 2*p - 7*p + 35, -p + n = 4*t. What is the remainder when 14 is divided by p?
0
Suppose -l = -8*l + 315. Let m = l + -33. Let k(p) = p**3 - 11*p**2 - 10*p - 15. Calculate the remainder when 42 is divided by k(m).
6
Suppose p - 11 = 2. Let q(a) = -17*a - 1. Let k(c) = -34*c - 3. Let s(r) = 2*k(r) - 5*q(r). What is the remainder when s(3) is divided by p?
11
Suppose 400 + 242 + 1438 = 16*c. Calculate the remainder when c is divided by 19*1/(-1)*-1.
16
Suppose 0*z + 24 = 8*z. Suppose 0 = z*b - 6 - 39. What is the remainder when 43 is divided by b?
13
Let p = 388 + -270. Let w = 54 - 42. What is the remainder when p is divided by (-90)/(-4)*16/w?
28
Calculate the remainder when 52 is divided by (4/(-10))/(2 + (-1208)/600).
22
Let a(r) = -102*r - 222. Calculate the remainder when a(-5) is divided by 74.
66
Suppose -d - 6 = -11. Suppose -c - 11 = -u + 3, d*u = 2*c + 82. What is the remainder when u is divided by 2/(-9) - (-130)/18?
4
Suppose -40 = -l + 5*m, -l = 2*l - m - 50. Suppose 5*p = -0*p - 3*j - 16, -2 = -2*p + 3*j. What is the remainder when l is divided by (-8)/(-1)*p/(-4)?
3
Suppose -10*q - 20 = -50. What is the remainder when 143 is divided by q?
2
Let f(t) = t**3 - 7*t**2 + 3*t - 13. Let r be f(6). Let h = -19 - r. Calculate the remainder when 46 is divided by h.
10
Let v(s) = s**2 - 7*s - 13. Suppose -51*x = -48*x - 27. Let q = 43 + -26. What is the remainder when q is divided by v(x)?
2
What is the remainder when (344/(-215))/((-2)/175) is divided by 6?
2
Let f(k) = -7*k**3 - 4*k**2 + 8*k + 17. Calculate the remainder when 319 is divided by f(-2).
32
Calculate the remainder when 136 is divided by (-228)/(-18) - 8/(-6).
10
Let y = 5 + -7. Let g be (y/4)/(2/(-152)). Suppose -3*k + g - 8 = 0. Calculate the remainder when 29 is divided by k.
9
Let h = -16 - -29. What is the remainder when 166 is divided by h?
10
Let i(n) = -n + 4. Let s be i(1). Suppose 34 = s*f + 13. Calculate the remainder when 33 is divided by f.
5
Let y = -176 + 361. What is the remainder when y is divided by 19?
14
Let r(k) = -k**3 + 5*k**2 + 5*k + 42. Let b(t) = -11*t - 3. What is the remainder when r(6) is divided by b(-2)?
17
Let y be ((-8)/3)/4 + 56/12. Let q(p) = p + 16. What is the remainder when 179 is divided by q(y)?
19
Suppose -24*q = -19*q - 310. What is the remainder when q is divided by 14?
6
What is the remainder when 2244/8 + (-28)/(-56) is divided by 89?
14
Suppose 406 + 631 = 17*o. What is the remainder when o is divided by 12?
1
Let n(i) = -i**3 + 8*i**2 - 6*i - 5. Let g be n(7). Let q(o) = -5 + 3 + g + 1 - 2*o. What is the remainder when 36 is divided by q(-6)?
10
Suppose -10*j + 126 = -3*j. Let p = 12 + j. Calculate the remainder when 59 is divided by p.
29
Suppose -3*c + 0*c = 4*a - 55, 0 = 5*c - 5. Let z = 13 - 5. Calculate the remainder when z/4 + -3 + 24 is divided by a.
10
Suppose 5*h - 7*i = -2*i + 605, -2*i + 254 = 2*h. What is the remainder when h is divided by 3/12*-2*-86?
38
What is the remainder when 79 is divided by ((-3)/(-15))/(4/80)?
3
Let w(d) = -d**2 + d + 3. Let a(f) = f**2 - 7*f - 9. Let g(l) = -a(l) - 4*w(l). Let y be (-7 - -1)*(-1)/2. What is the remainder when 64 is divided by g(y)?
31
Let o = 475 - 238. Calculate the remainder when o is divided by 104.
29
Suppose 37*b - 39*b + 186 = 0. Suppose -3*f = 5*l - f - 155, 3*l - b = -f. What is the remainder when 123 is divided by l?
30
Suppose -6*b + 99 = -5*b. What is the remainder when b is divided by (-9 - (-2 - 1)) + 123/3?
29
Let p be (-3 + 0)/(6/(-72)). Suppose 4*x - p = 36. What is the remainder when x is divided by 6?
0
Suppose 4*z + 8*h - 13*h = 317, 2*z + 3*h - 153 = 0. What is the remainder when z is divided by 23?
9
Suppose -4*r = -0*r - 36. Suppose 0 = -20*k + 267 + 553. What is the remainder when k is divided by r?
5
Let j = -52 + 60. Suppose -j*w + 49 = -7*w. What is the remainder when w is divided by 25?
24
Let h be (-3 - 0)/((-3)/4). Suppose 0 = -h*l - l + 35. Let d(g) = 7*g + 3. Calculate the remainder when d(l) is divided by 27.
25
Let l = -1332 + 1359. Let b(m) = -m**2 - 6*m + 2. Calculate the remainder when l is divided by b(-5).
6
Let s(i) = 6*i**2 + 5*i + 2. Let l(j) = -2*j + 9. Let x be l(6). What is the remainder when s(x) is divided by 3*12/(-6)*22*2/(-24)?
8
Let j = -16 - -31. Let p(b) be the first derivative of -2*b**2 - 12*b + 26. What is the remainder when j is divided by p(-5)?
7
Calculate the remainder when 1102 is divided by 6356/266 - (1 - 21/19).
22
Suppose 5*o - 6 = 2*o. Suppose o*c - 5*c = -12. What is the remainder when 17 is divided by c?
1
Suppose 0 = -3*w + 2*k - 3*k + 43, 31 = w - 3*k. What is the remainder when 256 is divided by w?
0
Suppose -2*l = i - 4*i + 75, 2*i - 2*l = 50. Suppose 2*a - 2*r = 20, -3*r = 5*a + i - 91. Calculate the remainder when 34 is divided by a.
10
Let t be (-1 - -7)*11/(-33). Let h(y) = 13*y**2 + y + 1. What is the remainder when h(t) is divided by 18?
15
Let t = 305 - 274. What is the remainder when 83 is divided by t?
21
Suppose -14 = -4*v + 30. Suppose 2*b = -5 + v. Calculate the remainder when b is divided by 2.
1
Suppose 3*r = 59 + 61. Let b = -37 + r. Calculate the remainder when 3 is divided by b.
0
Let m(z) = -5 - 2 + 2 - 15*z - 2 - 9*z**2. Let o(b) = -5*b**2 - 8*b - 4. Let q(c) = 6*m(c) - 11*o(c). Calculate the remainder when q(-6) is divided by 17.
16
Suppose 0 = -5*t + 40 + 40. Let f(b) = b**3 + 4*b**2 - 13*b - 5. Let p be f(-6). Calculate the remainder when (p + 48*-1)/(-1 - 0) is divided by t.
15
Let z(p) = -p**2 + 12*p - 9. Suppose -o + 0*o + 9 = 0. Calculate the remainder when (2/2 - 2) + 52 is divided by z(o).
15
Calculate the remainder when 51 is divided by 6/4*58/3.
22
Suppose -75 = -j + 3*a, 431 - 17 = 5*j - 2*a. Suppose -3 = 3*z - j. What is the remainder when z is divided by 7?
6
Suppose 18 + 2 = 2*f. Suppose -85 = 641*w - 646*w. Calculate the remainder 